{"id":3901,"date":"2020-09-11T14:55:21","date_gmt":"2020-09-11T12:55:21","guid":{"rendered":"https:\/\/wonnebauer.de\/site\/?page_id=3901"},"modified":"2020-09-11T15:01:42","modified_gmt":"2020-09-11T13:01:42","slug":"archiv2019","status":"publish","type":"page","link":"https:\/\/wonnebauer.de\/site\/grenzgaenger\/wasgibtesneues\/archiv2019\/","title":{"rendered":"Archiv 2019"},"content":{"rendered":"<p>[et_pb_section fb_built=&#8220;1&#8243; admin_label=&#8220;Wilkommen Block 1&#8243; _builder_version=&#8220;3.22&#8243; custom_padding=&#8220;0px|0px|0px|&#8220;][et_pb_row column_structure=&#8220;1_3,2_3&#8243; _builder_version=&#8220;3.25&#8243; custom_padding=&#8220;0px|0px|0px|&#8220;][et_pb_column type=&#8220;1_3&#8243; _builder_version=&#8220;3.0.47&#8243; background_position=&#8220;top_left&#8220; custom_padding=&#8220;0px|0px|0px|0px&#8220; custom_padding__hover=&#8220;|||&#8220;][et_pb_text admin_label=&#8220;Text Abstandshalter&#8220; _builder_version=&#8220;3.27.4&#8243; custom_margin=&#8220;0px|0px|0px|0px&#8220; custom_padding=&#8220;0px|0px|0px|0px&#8220;]<\/p>\n<p>\n<span style=\"color: #ffffff;\">:<\/span><br \/><span style=\"color: #ffffff;\">:<\/span><\/p>\n<p>[\/et_pb_text][et_pb_text admin_label=&#8220;Text Was gibt es Neues?&#8220; _builder_version=&#8220;4.6.1&#8243; hover_enabled=&#8220;0&#8243; z_index_tablet=&#8220;500&#8243; sticky_enabled=&#8220;0&#8243;]<\/p>\n<h3><span style=\"color: #91001f;\">Archiv 2019<br \/><\/span><\/h3>\n<p>[\/et_pb_text][\/et_pb_column][et_pb_column type=&#8220;2_3&#8243; _builder_version=&#8220;3.0.47&#8243; background_position=&#8220;top_left&#8220; custom_padding=&#8220;0px|0px|0px|&#8220; custom_padding__hover=&#8220;|||&#8220;][et_pb_text admin_label=&#8220;Text Abstandshalter&#8220; _builder_version=&#8220;3.27.4&#8243; custom_margin=&#8220;0px|0px|0px|0px&#8220; custom_padding=&#8220;0px|0px|0px|0px&#8220;]<\/p>\n<p>\n<span style=\"color: #ffffff;\">:<\/span><br \/><span style=\"color: #ffffff;\">:<\/span><\/p>\n<p>[\/et_pb_text][\/et_pb_column][\/et_pb_row][\/et_pb_section][et_pb_section fb_built=&#8220;1&#8243; admin_label=&#8220;Wilkommen Block 1&#8243; _builder_version=&#8220;3.22&#8243; custom_padding=&#8220;0px|0px|0px|&#8220;][et_pb_row column_structure=&#8220;2_3,1_3&#8243; _builder_version=&#8220;3.25&#8243; custom_padding=&#8220;0px|0px|0px|&#8220;][et_pb_column type=&#8220;2_3&#8243; _builder_version=&#8220;3.0.47&#8243; background_position=&#8220;top_left&#8220; custom_padding=&#8220;0px|0px|0px|0px&#8220; custom_padding__hover=&#8220;|||&#8220;][et_pb_text admin_label=&#8220;Text Was gibt es Neues in Luxemburg?&#8220; _builder_version=&#8220;4.6.1&#8243; z_index_tablet=&#8220;500&#8243; text_text_shadow_horizontal_length_tablet=&#8220;0px&#8220; text_text_shadow_vertical_length_tablet=&#8220;0px&#8220; text_text_shadow_blur_strength_tablet=&#8220;1px&#8220; link_text_shadow_horizontal_length_tablet=&#8220;0px&#8220; link_text_shadow_vertical_length_tablet=&#8220;0px&#8220; link_text_shadow_blur_strength_tablet=&#8220;1px&#8220; ul_text_shadow_horizontal_length_tablet=&#8220;0px&#8220; ul_text_shadow_vertical_length_tablet=&#8220;0px&#8220; ul_text_shadow_blur_strength_tablet=&#8220;1px&#8220; ol_text_shadow_horizontal_length_tablet=&#8220;0px&#8220; ol_text_shadow_vertical_length_tablet=&#8220;0px&#8220; ol_text_shadow_blur_strength_tablet=&#8220;1px&#8220; quote_text_shadow_horizontal_length_tablet=&#8220;0px&#8220; quote_text_shadow_vertical_length_tablet=&#8220;0px&#8220; quote_text_shadow_blur_strength_tablet=&#8220;1px&#8220; header_text_shadow_horizontal_length_tablet=&#8220;0px&#8220; header_text_shadow_vertical_length_tablet=&#8220;0px&#8220; header_text_shadow_blur_strength_tablet=&#8220;1px&#8220; header_2_text_shadow_horizontal_length_tablet=&#8220;0px&#8220; header_2_text_shadow_vertical_length_tablet=&#8220;0px&#8220; header_2_text_shadow_blur_strength_tablet=&#8220;1px&#8220; header_3_text_shadow_horizontal_length_tablet=&#8220;0px&#8220; header_3_text_shadow_vertical_length_tablet=&#8220;0px&#8220; header_3_text_shadow_blur_strength_tablet=&#8220;1px&#8220; header_4_text_shadow_horizontal_length_tablet=&#8220;0px&#8220; header_4_text_shadow_vertical_length_tablet=&#8220;0px&#8220; header_4_text_shadow_blur_strength_tablet=&#8220;1px&#8220; header_5_text_shadow_horizontal_length_tablet=&#8220;0px&#8220; header_5_text_shadow_vertical_length_tablet=&#8220;0px&#8220; header_5_text_shadow_blur_strength_tablet=&#8220;1px&#8220; header_6_text_shadow_horizontal_length_tablet=&#8220;0px&#8220; header_6_text_shadow_vertical_length_tablet=&#8220;0px&#8220; header_6_text_shadow_blur_strength_tablet=&#8220;1px&#8220; box_shadow_horizontal_tablet=&#8220;0px&#8220; box_shadow_vertical_tablet=&#8220;0px&#8220; box_shadow_blur_tablet=&#8220;40px&#8220; box_shadow_spread_tablet=&#8220;0px&#8220;]<\/p>\n<div id=\"middle\">\n<div id=\"middle-content\">\n<div id=\"middle-marker-box\">\n<div id=\"middle-marker\">\n<div id=\"c761\" class=\"csc-default\">\n<div class=\"csc-textpic csc-textpic-intext-right\">\u00a0<\/div>\n<\/div>\n<\/div>\n<div id=\"middle-marker\">\n<div id=\"c761\" class=\"csc-default\">\n<div class=\"csc-textpic csc-textpic-intext-right\">\n<p><strong>31.12.2019 Fristen im Arbeitsrecht<\/strong><\/p>\n<p>Das K\u00fcndigungsverfahren l\u00e4uft im <strong>luxemburgischen Arbeitsrecht <\/strong>v\u00f6llig anders ab als in Deutschland. Darauf sollten sich Grenzg\u00e4nger einstellen.<strong><a href=\"https:\/\/wonnebauer.de\/site\/arbeitsrecht\/luxemburgerarbeitsrecht\/\"> Mehr &#8230;<\/a><\/strong><\/p>\n<p><strong>31.12.2019 Wann liegen \u00dcberstunden vor ?<br \/><\/strong><br \/>Nicht jede Mehrarbeit berechtigt auch zu einer<strong> \u00dcberstundenverg\u00fctung. <\/strong>Der Streit um die Bezahlung der \u00dcberstunden ist daher ein Klassiker vor dem Arbeitsgericht. <strong><a href=\"https:\/\/wonnebauer.de\/site\/arbeitsrecht\/luxemburgerarbeitsrecht\/\">Mehr &#8230;<\/a><\/strong><\/p>\n<p><strong> 29.12.2019 Kolumne Dezember: Grenzg\u00e4nger und Arbeitszimmer<\/strong><\/p>\n<p>In Anbetracht der immer schwierigeren <strong>Verkehrsverh\u00e4ltnisse<\/strong> erscheint es aktraktiv, \u00fcber einen Wochentag im Arbeitszimmer nachzudenken. In manchen Berufen ist dies praktisch m\u00f6glich. <strong>Man muss nur Steuer- und Sozialrecht bedenken. <a href=\"https:\/\/wonnebauer.de\/site\/grenzgaenger\/kolumneimtrierischenvolksfreund\/\">Mehr &#8230;<\/a><\/strong><\/p>\n<p><strong>30.11.2019 Telefonaktion des Deutschen Anwaltvereins im Oktober<\/strong><\/p>\n<p>Am 29. Oktober 2019 hatten Grenzg\u00e4nger wieder die Gelegenheit Fragen an die Experten vom Deutschen Anwaltverein Luxemburg zu stellen. Fragen und Antworten finden man hier.<strong><a href=\"https:\/\/wonnebauer.de\/site\/home\/probono\/\">Mehr &#8230;<\/a><\/strong><\/p>\n<p><strong>30.11.2019 N\u00e4chste Steuerreform in Planung<br \/><\/strong><\/p>\n<p>Die Regierung will noch den gro\u00dfen Wurf wagen und die <strong>Steuertabelle vereinfachen.<\/strong> Es soll nur noch vom Einkommen abh\u00e4ngen, wie hoch die Steuer ist. <strong><a href=\"https:\/\/wonnebauer.de\/site\/grenzgaenger\/steuerninluxemburg\/\">Mehr &#8230;<\/a><\/strong><\/p>\n<p><strong>30.11.2019 Bausparkassenbeitr\u00e4ge im Focus<\/strong><\/p>\n<p>Das luxemburger Finanzamt kontrolliert akribisch die <strong>Verwendung der Bausparkassendarlehen<\/strong>. Nur die Verwendung f\u00fcrs Eigenheim ist steuerlich gef\u00f6rdert. Steuernachzahlungen drohen<strong>. <a href=\"https:\/\/wonnebauer.de\/site\/grenzgaenger\/steuerninluxemburg\/\">Mehr &#8230;<\/a><\/strong><\/p>\n<p>30.11.2019 Ist die luxemburger Pflegeversicherung absetzbar<\/p>\n<p>Mehrere Klagen sind derzeit beim<strong> Finanzgericht Rheinland-Pfalz<\/strong> anh\u00e4ngig wegen Absetzbarkeit der luxemburgischen <strong>Pflegeversicherung<\/strong> in der deutschen Steuererkl\u00e4rung. Die Argumente daf\u00fcr entsprechen jedenfalls eher dem Urteil des EuGH, als die Blockadehaltung des Finanzamtes. <a href=\"https:\/\/wonnebauer.de\/site\/grenzgaenger\/steuernindeutschland\/\"><strong>Mehr &#8230;<\/strong><\/a><\/p>\n<p><strong><br \/>30.11.2019 Kolumne <\/strong><strong>November <\/strong><strong>im Trierischen Volksfreund<\/strong><\/p>\n<p>Rentnerwerden aufgrund der<strong> automatischen Meldung der luxemburger Pensionen an Deutschland <\/strong>vom Finanzamt aufgefordert,<strong> Steuern auf die Renten aus Luxemburg nachzuzahlen. <a href=\"https:\/\/wonnebauer.de\/site\/grenzgaenger\/kolumneimtrierischenvolksfreund\/\">Mehr &#8230;<\/a><\/strong><\/p>\n<p>3.10.2019 Luxemburger Arbeitslosengeld f\u00fcr Grenzg\u00e4nger kommt noch lange nicht<\/p>\n<p>Seit Ende 2016 will das Europ\u00e4ische Parlament die Richtlinie zu der Sozialversicherung \u00e4ndern. Im April 2019 wurde dies dann schlie\u00dflich gestoppt und an das neu gew\u00e4hlte Parlament \u00fcbergeben. Ein Happy End scheint es nicht zu geben. <a href=\"https:\/\/wonnebauer.de\/site\/grenzgaenger\/eusozialversicherungsrecht\/\"><strong>Mehr &#8230;<\/strong><\/a><\/p>\n<p><strong>3.10.2019 Finanzamt Trier \u00fcberpr\u00fcft Eink\u00fcnfte von Aufsichtsr\u00e4ten <\/strong><\/p>\n<p>Immer wenn man denkt, alles w\u00e4re gekl\u00e4rt, tun sich wieder Abgr\u00fcnde bei der Grenzg\u00e4ngerbesteuerung auf. Was l\u00e4uft denn da wieder schief? <a href=\"https:\/\/wonnebauer.de\/site\/grenzgaenger\/steuernindeutschland\/\"><strong>Mehr &#8230;<\/strong><\/a><\/p>\n<p><strong>3.10.2019 Probleme bei der Familienversicherung<\/strong><\/p>\n<p><strong>Minijobs <\/strong>werden f\u00fcr Ehegatten von Grenzg\u00e4ngern uninteressant, wenn dieser sich und die Kinder in Deutschland versicherung muss. Hier gibt es kostspielige neue Entwicklungen. <strong><a href=\"https:\/\/wonnebauer.de\/site\/grenzgaenger\/eusozialversicherungsrecht\/\">Mehr &#8230;<\/a><br \/><\/strong><\/p>\n<p><strong>2.10.2019 Zusatzpension als Sachzuwendung<\/strong><\/p>\n<p>Einige wenige Arbeitgeber gew\u00e4hren ihren Mitarbeitern eine<strong> betriebliche Altersversorgung. Diese wird meist in der Lohnabrechnung jedoch nicht erfasst. <a href=\"https:\/\/wonnebauer.de\/site\/grenzgaenger\/steuernindeutschland\/\">Mehr &#8230;<\/a><\/strong><\/p>\n<p><strong>12.9.2019 Kolumne im September: Automatische Meldung von L\u00f6hnen funktioniert nun<\/strong><\/p>\n<p>Die lange angek\u00fcndigte <strong>Meldung der luxemburger Lohndaten<\/strong> ist jetzt beim Finanzamt Trier angekommen. Erste Ermittlungsverfahren wegen verschwiegener luxemburger Eink\u00fcnfte laufen<strong>. <a href=\"https:\/\/wonnebauer.de\/site\/grenzgaenger\/kolumneimtrierischenvolksfreund\/\">Mehr &#8230;<\/a><\/strong><\/p>\n<p><strong>12.9.2019 Neues Steuerbeilegungsverfahren in Steuersachen<\/strong><\/p>\n<p>Seit Juli 2019 ist die<strong> EU-Richtlinie in Kraft.<\/strong> Streitigkeiten bei Doppelbesteuerung sollen dadurch effektiver gef\u00fchrt werden k\u00f6nnen. Mehr Transparenz und Mitwirkung des Betroffenen werden eingef\u00fchrt<strong>. <a href=\"https:\/\/wonnebauer.de\/site\/grenzgaenger\/doppelbesteuerung\/\">Mehr &#8230;<\/a><\/strong><\/p>\n<p><strong>12.9.2019 Neue Meldepflichten in der EU<\/strong><\/p>\n<p>Unternehmen m\u00fcssen <strong>grenz\u00fcberschreitende Steuermodelle<\/strong> an die Finanzbeh\u00f6rden melden. Wann das genau der Fall ist, ist nicht exakt definiert. Jedenfalls kommt ein gewaltiger Arbeitsaufwand auf Unternehmen und Berater zu<strong>. <a href=\"https:\/\/wonnebauer.de\/site\/grenzgaenger\/doppelbesteuerung\/\">Mehr&#8230;<\/a><\/strong><\/p>\n<p><strong>8.8.2019 BFH entscheidet zum luxemburgischen \u00f6ffentlichen Dienst<\/strong><\/p>\n<p>Die <strong>19-Tage-Regel gilt nicht f\u00fcr Grenzg\u00e4nger im \u00f6ffentlichen Dienst. <\/strong>Der <strong>BFH <\/strong>sieht darin keine gravierende Ungleichbehandlung. <strong><a href=\"https:\/\/wonnebauer.de\/site\/grenzgaenger\/kolumneimtrierischenvolksfreund\/\">Mehr &#8230;<\/a><\/strong><\/p>\n<p><strong>31.7.2019 Klagen vor den Sozialgerichten <\/strong><\/p>\n<p>Die <strong>Krankenkasse<\/strong> stellt die Zahlung ein, das <strong>Wartegeld<\/strong> wird gestrichen. <strong>Grenzg\u00e4nger <\/strong>erleben auch Negatives in<strong> Luxemburg. Dann m\u00fcssen die Gerichte angerufen werden. <a href=\"https:\/\/wonnebauer.de\/site\/grenzgaenger\/sozialversicherungluxemburg\/\">Mehr &#8230;<\/a><\/strong><\/p>\n<p><strong><br \/><\/strong><strong>31.7.2019 Bescheide der Steuerb\u00fcros RTS und Z sind aktuell oft unlogisch<\/strong><\/p>\n<p>Die <strong>Steuerreform<\/strong> ist auch f\u00fcr die Mitarbeiter der Finanzverwaltung eine Herausforderung. Das <strong>Zusammenspiel der Steuerb\u00fcros RTS und Z ist unheitlich.<\/strong> Es kommt schon auf den Mitarbeiter an, der die Steuerakte bearbeitet.<strong><a href=\"https:\/\/wonnebauer.de\/site\/grenzgaenger\/steuerninluxemburg\/\">Mehr &#8230;<\/a><\/strong><\/p>\n<p><strong><br \/>20.7.2019 Besteuerung von Dividenden<\/strong><\/p>\n<p>Die<strong> Steuerreform<\/strong> gibt Anla\u00df dar\u00fcber nachzudenken, ob man bei der <strong>Besteuerung der Dividende<\/strong> die gewohnten Pfade eventuell verl\u00e4\u00dft. Freilich ist eine Einzelberechnung erforderlich<strong>. <a href=\"https:\/\/wonnebauer.de\/site\/grenzgaenger\/steuerninluxemburg\/\">Mehr &#8230;<\/a><\/strong><\/p>\n<p><strong><br \/>20.7.2019 Juli-Kolumne im Trierischen Volksfreund<\/strong><\/p>\n<p>Das Zusammenspiel zwischen dem<strong> B\u00fcro Z und dem B\u00fcro RTS <\/strong>wurde verbessert<strong>. <\/strong>Allerdings ist noch alles so neu, dass es aktuell die Finanzbeamten noch nicht ganz verinnigt haben<strong>. <a href=\"https:\/\/wonnebauer.de\/site\/grenzgaenger\/kolumneimtrierischenvolksfreund\/\">Mehr &#8230;<\/a><\/strong><\/p>\n<\/div>\n<\/div>\n<\/div>\n<div id=\"middle-marker\">\n<div id=\"c761\" class=\"csc-default\">\n<div class=\"csc-textpic csc-textpic-intext-right\">\n<p><strong><br \/>30.6.2019 Besuch des Europ\u00e4ischen Gerichtshofes und Seminar<\/strong><\/p>\n<p>Der Deutsche Anwaltverein Luxemburg bietet am<strong> 5. September 2019<\/strong> ein Seminar zum luxemburgischen Gesellschafts- und Steuerrecht an verbunden mit einem Besuch des Europ\u00e4ischen Gerichtshofes. Anmeldungen sind noch m\u00f6glich. <a href=\"http:\/\/dav.lu\/anmeldung\/\"><strong>Mehr &#8230;<\/strong><\/a><\/p>\n<p><strong><br \/>30.6.219 Anwartschaftsbeitr\u00e4ge sind nicht absetzbar<\/strong><\/p>\n<p><strong>Beitr\u00e4ge f\u00fcr eine Anwartschaft <\/strong>sind in der luxemburger Steuererkl\u00e4rung den gesetzlichen Beitr\u00e4gen nicht gleichgestellt. <strong><a href=\"https:\/\/wonnebauer.de\/site\/grenzgaenger\/steuerninluxemburg\/\">Mehr &#8230;<\/a><br \/><\/strong><\/p>\n<p><strong><br \/>30.6.2019 Kolume Mai: Steuerdirektor erl\u00e4\u00dft 3 Rundschreiben<\/strong><\/p>\n<p>Die<strong> Schreiben des Steuerdirektors<\/strong> sind Anweisungen an die Sachbearbeiter des Finanzamtes. Mit den drei neuen Schreiben werden Details behandelt.<strong><a href=\"https:\/\/wonnebauer.de\/site\/grenzgaenger\/kolumneimtrierischenvolksfreund\/\"> Mehr &#8230;<\/a><\/strong><\/p>\n<p><strong>31.5.2019 B\u00fcro RTS erl\u00e4\u00dft Steuerbescheide <\/strong><\/p>\n<p><strong>Ein Wunder ist geschehen.<\/strong> Erstmals erl\u00e4\u00dft auch das<strong> B\u00fcro RTS Steuerscheide. <\/strong>Damit liegt eine<strong> erhebliche Verfahrens\u00e4nderung <\/strong>in Luxemburg vor. <strong><a href=\"https:\/\/wonnebauer.de\/site\/grenzgaenger\/steuerninluxemburg\/\">Mehr &#8230;<\/a><\/strong><\/p>\n<p><strong><br \/>31.5.2019 B\u00fcro Z verfolgt harte Linie bei Individualveranlagung<\/strong><\/p>\n<p><strong>Die Frist zum 31.3. <\/strong>wurde noch nie so hart verteidigt, wie bei der<strong> neuen Inidivualveranlagung. Der Sinn davon erschlie\u00dft sich allerdings nicht. <a href=\"https:\/\/wonnebauer.de\/site\/grenzgaenger\/steuerninluxemburg\/\">Mehr &#8230;<\/a><\/strong><\/p>\n<p><strong>31.5.2019 Erste Bescheide f\u00fcr 2018 treffen schon ein<\/strong><\/p>\n<p>Erstaunlicherweise treffen sogar schon<strong> Steuerbescheide f\u00fcr 2018 von Verheirateten ein.<\/strong> Eigentlich war mit einer<strong> langen Wartezeit <\/strong>gerechnet worden.<strong><a href=\"https:\/\/wonnebauer.de\/site\/grenzgaenger\/steuerninluxemburg\/\"> Mehr &#8230;<\/a><\/strong><\/p>\n<p><strong><br \/>31.5.2019 Prozentsatz auf der Steuerkarte pr\u00fcfen<\/strong><\/p>\n<p>Noch immer kommt es vor, dass Steuerkarten falsch ausgestellt werden. Grenzg\u00e4nger sollten nicht auf die Richtigkeit der Karten vertrauen und besser nachpr\u00fcfen. <a href=\"https:\/\/wonnebauer.de\/site\/grenzgaenger\/steuerninluxemburg\/\"><strong>Mehr &#8230;<\/strong><\/a><\/p>\n<p><strong>31.5.2019 Neue \u00d6ffnungszeiten der Kanzlei Wonnebauer<\/strong><\/p>\n<p>Ab Juni f\u00fchren wir neue \u00d6ffnungszeiten ein. Der fr\u00fche Vogel f\u00e4ngt den Wurm. <a href=\"https:\/\/wonnebauer.de\/site\/termineundkontakt\/\"><strong>Mehr&#8230;<\/strong><\/a><\/p>\n<p><strong>30.4.2019 Wartegeld ist keine Rente<\/strong><\/p>\n<p>Eine Grenzg\u00e4ngerin bezog<strong> Wartegeld<\/strong> und stellte einen Antrag auf<strong> deutsche Erbwersminderungsrente.<\/strong> Darauf verlangte die deutsche Krankenkasse ab Antragstellung Beitr\u00e4ge, weil sie zwei Renten beziehe. Ob das Wartegeld eine Rente ist, entscheidet das Sozialgericht Trier in K\u00fcrze. <a href=\"https:\/\/wonnebauer.de\/site\/grenzgaenger\/eusozialversicherungsrecht\/\"><strong>Mehr&#8230;<\/strong><\/a><\/p>\n<p><strong>30.4.2019 Rentenantrag so sp\u00e4t wie m\u00f6glich stellen<\/strong><\/p>\n<p>Wer nach der vorgezogenen<strong> luxemburger Rente <\/strong>auch noch die<strong> deutsche Rente beantragt, <\/strong>kann <strong>Krankenversicherungsbeitr\u00e4ge sparen.<a href=\"https:\/\/wonnebauer.de\/site\/grenzgaenger\/eusozialversicherungsrecht\/\"> Mehr &#8230;<\/a><\/strong><\/p>\n<p><strong>30.4.2019 Unterbrechung in der Sozialversicherung f\u00fchrt zu Verlust des alten Kindergeldes<br \/><\/strong><\/p>\n<p>Wer <strong>altes Kindergeld<\/strong> bezieht und &#8211; aus welchem Grund auch immer &#8211; aus der <strong>Sozialversicherung ausscheide<\/strong>t, erh\u00e4lt beim Wiedereintritt nur noch das<strong> neue Kindergeld. <a href=\"https:\/\/wonnebauer.de\/site\/erben-und-vermoegen\/familieundkinder\/\">Mehr &#8230;<\/a><\/strong><\/p>\n<p><strong>25.4.2019 Kolumne April handelt von Fristen im Arbeitsrecht<\/strong><\/p>\n<p>Die Fristenberechnung in Luxemburg bei K\u00fcndigungen ist unklar. <strong>Endet die Frist zum 14. oder 15? <a href=\"https:\/\/wonnebauer.de\/site\/grenzgaenger\/kolumneimtrierischenvolksfreund\/\">Mehr &#8230;\u00a0 <\/a><\/strong><\/p>\n<p><strong>30.3.2019 Mehrheitsgesellschafter-Gesch\u00e4ftsf\u00fchrer kann selbst\u00e4ndig sein<\/strong><\/p>\n<p>In einem aufw\u00e4ndigen Steuergerichtsverfahren ist nun das Ergebnis, dass ein<strong> Gesch\u00e4ftsf\u00fchrer einer S.a.r.l<\/strong>., der gleichzeitig alleiniger Gesellschafter ist, nicht wie ein Arbeitnehmer die 19-Tage-Regel aufzeichnen muss. <strong>Diese Entscheidung hat weitreichende Folgen f\u00fcr alle Mehrheitsgesellschafter-Gesch\u00e4ftsf\u00fchrer. <a href=\"https:\/\/wonnebauer.de\/site\/grenzgaenger\/steuernindeutschland\/\">Mehr &#8230;<\/a><br \/><\/strong><\/p>\n<p><strong><br \/>27.3.2019 Frist zum 31.3.<\/strong><\/p>\n<p>Seit 20 Jahren wird die Frist zum 31.3. nicht wirklich beachtet. Nur in einem Fall hat sie seit Neuestem wirklich eine Bedeutung. <a href=\"https:\/\/wonnebauer.de\/site\/grenzgaenger\/steuerninluxemburg\/\">Mehr &#8230;<\/a><\/p>\n<p><strong>23.3.2019 Interview im OK Trier<\/strong><\/p>\n<p>Stephan Wonnebauer erkl\u00e4rt im Trierer B\u00fcrgerfernsehn in einem Interview mit Sebastian Lindemans die aktuellen Entwicklungen im luxemburgischen Steuerrecht f\u00fcr Greng\u00e4nger. <a href=\"https:\/\/ok54.de\/schlagwort\/mediathek\">Mehr &#8230;<\/a><\/p>\n<p><strong>23.3.2019 Kolumne im M\u00e4rz CNS verweigert Krankengeld<br \/><\/strong><br \/>Wer nicht gerade den Kopf unter dem Arm tr\u00e4gt, dem <strong>verweigert<\/strong> die CNS in vielen die Zahlung von Krankengeld. <strong>Die wenigsten Grenzg\u00e4nger werden finanzielle Rerserven haben, um diese Durststrecke zu \u00fcberstehen. <a href=\"https:\/\/wonnebauer.de\/site\/grenzgaenger\/kolumneimtrierischenvolksfreund\/\">Mehr &#8230; <\/a><\/strong><\/p>\n<p>19.2.2019 Viele langj\u00e4hrige Grenzg\u00e4nger m\u00fcssen erstmals Steuererkl\u00e4rung abgegeben<\/p>\n<p>Tausende Grenzg\u00e4nger wurden Anfang Februar zur Abgabe der Steuerkl\u00e4rung aufgefordert, einige Verheiratete zum ersten Mal. Es sind auch viele dabei, die jahrelang Erstattungen h\u00e4tten erwarten k\u00f6nnen, wenn sie freiwillig eine Erkl\u00e4rung abgegeben h\u00e4tten. <a href=\"https:\/\/wonnebauer.de\/site\/grenzgaenger\/steuerninluxemburg\/\"><strong>Mehr &#8230;<\/strong><\/a><\/p>\n<p><strong>19.2.2019 Meldepflichten f\u00fcr Banken und Steuerberater<\/strong><\/p>\n<p>Banken m\u00fcssen schon seit 2015 Konten an das Wohnsitzland melden. Ab 2020 m\u00fcssen Steuerberater auch <strong>Gestaltungsmodelle<\/strong> preisgeben.<strong><a href=\"https:\/\/wonnebauer.de\/site\/grenzgaenger\/steuernindeutschland\/\"> Mehr &#8230;<\/a><\/strong><\/p>\n<p><strong>19.2.2019 Kolumne Februar zur Frist 31.3.2019<\/strong><\/p>\n<p>Die Grenzg\u00e4nger sind derzeit in Panik wegen der Abgabefrist.\u00a0 Wird die Frist tats\u00e4chlich so eng gesehen? Muss man Strafen zahlen, wenn man sie vers\u00e4umt? <a href=\"https:\/\/wonnebauer.de\/site\/grenzgaenger\/kolumneimtrierischenvolksfreund\/\"><strong>Mehr &#8230;<\/strong><\/a><\/p>\n<p><strong>28.1.2019 Steuerliche F\u00f6rderung der Elektromobilit\u00e4t<\/strong><\/p>\n<p>Auch f\u00fcr Grenzg\u00e4nger gibt es <strong>Abschl\u00e4ge in der Steuererkl\u00e4rung<\/strong>, wenn sie sich <strong>umweltbewu\u00dft<\/strong> fortbewegen wollen. <strong><a href=\"https:\/\/wonnebauer.de\/site\/grenzgaenger\/steuerninluxemburg\/\">Mehr &#8230;<\/a><\/strong><\/p>\n<p><strong>28.1.2019 Sollen Grenzg\u00e4nger eine Rechtswahl im Testament treffen?<\/strong><\/p>\n<p>Grenzg\u00e4nger halten sich gew\u00f6hnlich in zwei Staaten auf. Das kann Bedeutung haben im<strong> Todesfall<\/strong>. Welches <strong>Erbrecht<\/strong> gilt? <strong><a href=\"https:\/\/wonnebauer.de\/site\/erben-und-vermoegen\/internationales_erbrecht\/\">Mehr &#8230;<\/a><\/strong><\/p>\n<p><strong>23.1.2019 Familienrechtlicher Zustimmungsanspruch gegen Ex wegen Steuererkl\u00e4rung<\/strong><\/p>\n<p>Im Jahr der<strong> Trennung kann der Grenzg\u00e4nger <\/strong>noch die<strong> Steuerklasse 2<\/strong> geltend machen. Was aber, wenn der oder die Ex die <strong>Zustimmung mutwillig verweigert?\u00a0 <a href=\"https:\/\/wonnebauer.de\/site\/erben-und-vermoegen\/familieundkinder\/\">Mehr &#8230;<\/a><\/strong><\/p>\n<p>&nbsp;<\/p>\n<p><strong>23.1.2019 Die Kolumne im TV handelt diesesmal vom neuen Steuerformular<\/strong><\/p>\n<p>Das<strong> neue Steuerformular wird Anfang Februar f\u00fcr die Allgemeinheit ver\u00f6ffentlicht. <\/strong>Wir haben schon einmal einen Blick darauf geworfen.<strong><a href=\"https:\/\/wonnebauer.de\/site\/grenzgaenger\/kolumneimtrierischenvolksfreund\/\"> Mehr &#8230;<\/a><\/strong><\/p>\n<p>&nbsp;<\/p>\n<\/div>\n<\/div>\n<\/div>\n<\/div>\n<\/div>\n<\/div>\n<p>[\/et_pb_text][\/et_pb_column][et_pb_column type=&#8220;1_3&#8243; _builder_version=&#8220;3.0.47&#8243; background_position=&#8220;top_left&#8220; custom_padding=&#8220;0px|0px|0px|&#8220; custom_padding__hover=&#8220;|||&#8220;][\/et_pb_column][\/et_pb_row][\/et_pb_section][et_pb_section fb_built=&#8220;1&#8243; _builder_version=&#8220;3.22&#8243; custom_padding=&#8220;0px|0px|0px|0px&#8220;][et_pb_row _builder_version=&#8220;3.25&#8243; background_size=&#8220;initial&#8220; background_position=&#8220;top_left&#8220; background_repeat=&#8220;repeat&#8220; custom_padding=&#8220;0px|0px|0px|0px&#8220;][et_pb_column type=&#8220;4_4&#8243; _builder_version=&#8220;3.0.47&#8243; custom_padding=&#8220;|||&#8220; custom_padding__hover=&#8220;|||&#8220;][et_pb_text admin_label=&#8220;Text Abstandshalter mit Leerzeilen&#8220; _builder_version=&#8220;3.27.4&#8243; custom_margin=&#8220;0px|0px|0px|0px&#8220; custom_padding=&#8220;0px|0px|10px|0px&#8220; border_style=&#8220;solid&#8220;]<\/p>\n<p>\n<span style=\"color: #ffffff;\">:<\/span><br \/><span style=\"color: #ffffff;\">:<\/span><\/p>\n<p>[\/et_pb_text][et_pb_text admin_label=&#8220;Text + Link Impressum Rechtsanwalt Stephan Wonnebauer&#8220; _builder_version=&#8220;3.27.4&#8243; custom_padding=&#8220;||5px|&#8220; border_style=&#8220;solid&#8220;]<\/p>\n<p style=\"text-align: center;\"><span class=\"st\">\u00a9Rechtsanwalt Stephan Wonnebauer &#8211; <a href=\"https:\/\/wonnebauer.de\/site\/home\/impressum\/\">Impressum<\/a><br \/><\/span><\/p>\n<p>[\/et_pb_text][\/et_pb_column][\/et_pb_row][\/et_pb_section]<\/p>\n","protected":false},"excerpt":{"rendered":"<p>:: Archiv 2019 :: \u00a0 31.12.2019 Fristen im Arbeitsrecht Das K\u00fcndigungsverfahren l\u00e4uft im luxemburgischen Arbeitsrecht v\u00f6llig anders ab als in Deutschland. Darauf sollten sich Grenzg\u00e4nger einstellen. Mehr &#8230; 31.12.2019 Wann liegen \u00dcberstunden vor ?Nicht jede Mehrarbeit berechtigt auch zu einer \u00dcberstundenverg\u00fctung. Der Streit um die Bezahlung der \u00dcberstunden ist daher ein Klassiker vor dem Arbeitsgericht. [&hellip;]<\/p>\n","protected":false},"author":1,"featured_media":0,"parent":1796,"menu_order":4,"comment_status":"closed","ping_status":"closed","template":"","meta":{"_et_pb_use_builder":"on","_et_pb_old_content":"","_et_gb_content_width":"","footnotes":""},"class_list":["post-3901","page","type-page","status-publish","hentry"],"_links":{"self":[{"href":"https:\/\/wonnebauer.de\/site\/wp-json\/wp\/v2\/pages\/3901","targetHints":{"allow":["GET"]}}],"collection":[{"href":"https:\/\/wonnebauer.de\/site\/wp-json\/wp\/v2\/pages"}],"about":[{"href":"https:\/\/wonnebauer.de\/site\/wp-json\/wp\/v2\/types\/page"}],"author":[{"embeddable":true,"href":"https:\/\/wonnebauer.de\/site\/wp-json\/wp\/v2\/users\/1"}],"replies":[{"embeddable":true,"href":"https:\/\/wonnebauer.de\/site\/wp-json\/wp\/v2\/comments?post=3901"}],"version-history":[{"count":7,"href":"https:\/\/wonnebauer.de\/site\/wp-json\/wp\/v2\/pages\/3901\/revisions"}],"predecessor-version":[{"id":3911,"href":"https:\/\/wonnebauer.de\/site\/wp-json\/wp\/v2\/pages\/3901\/revisions\/3911"}],"up":[{"embeddable":true,"href":"https:\/\/wonnebauer.de\/site\/wp-json\/wp\/v2\/pages\/1796"}],"wp:attachment":[{"href":"https:\/\/wonnebauer.de\/site\/wp-json\/wp\/v2\/media?parent=3901"}],"curies":[{"name":"wp","href":"https:\/\/api.w.org\/{rel}","templated":true}]}}