{"id":1806,"date":"2018-05-27T17:48:09","date_gmt":"2018-05-27T15:48:09","guid":{"rendered":"https:\/\/wonnebauer.de\/site\/?page_id=1806"},"modified":"2018-07-29T16:27:19","modified_gmt":"2018-07-29T14:27:19","slug":"archiv2012","status":"publish","type":"page","link":"https:\/\/wonnebauer.de\/site\/grenzgaenger\/wasgibtesneues\/archiv2012\/","title":{"rendered":"Archiv 2012"},"content":{"rendered":"<p>[et_pb_section bb_built=&#8220;1&#8243; admin_label=&#8220;Wilkommen Block 1&#8243; custom_padding=&#8220;0px|0px|0px|&#8220; _builder_version=&#8220;3.0.64&#8243; next_background_color=&#8220;#000000&#8243;][et_pb_row custom_padding=&#8220;0px|0px|0px|&#8220; padding_top_1=&#8220;0px&#8220; padding_right_1=&#8220;0px&#8220; padding_bottom_1=&#8220;0px&#8220; padding_left_1=&#8220;0px&#8220; padding_top_2=&#8220;0px&#8220; padding_right_2=&#8220;0px&#8220; padding_bottom_2=&#8220;0px&#8220; background_position_1=&#8220;top_left&#8220; background_position_2=&#8220;top_left&#8220; background_repeat_1=&#8220;no-repeat&#8220; background_repeat_2=&#8220;no-repeat&#8220; _builder_version=&#8220;3.0.64&#8243;][et_pb_column type=&#8220;1_3&#8243;][et_pb_text admin_label=&#8220;Text Abstandshalter&#8220; _builder_version=&#8220;3.2&#8243; custom_margin=&#8220;0px|0px|0px|0px&#8220; custom_padding=&#8220;0px|0px|0px|0px&#8220;]<\/p>\n<p><span style=\"color: #ffffff;\">:<\/span><br \/>\n<span style=\"color: #ffffff;\">:<\/span><\/p>\n<p>[\/et_pb_text][et_pb_text admin_label=&#8220;Text Archiv 2012&#8243; _builder_version=&#8220;3.4.1&#8243;]<\/p>\n<h3><span style=\"color: #91001f;\">Archiv 2012<\/span><\/h3>\n<p>[\/et_pb_text][\/et_pb_column][et_pb_column type=&#8220;2_3&#8243;][et_pb_text admin_label=&#8220;Text Abstandshalter&#8220; _builder_version=&#8220;3.2&#8243; custom_margin=&#8220;0px|0px|0px|0px&#8220; custom_padding=&#8220;0px|0px|0px|0px&#8220;]<\/p>\n<p><span style=\"color: #ffffff;\">:<\/span><br \/>\n<span style=\"color: #ffffff;\">:<\/span><\/p>\n<p>[\/et_pb_text][\/et_pb_column][\/et_pb_row][\/et_pb_section][et_pb_section bb_built=&#8220;1&#8243; admin_label=&#8220;Wilkommen Block 1&#8243; custom_padding=&#8220;0px|0px|0px|&#8220; _builder_version=&#8220;3.0.64&#8243; next_background_color=&#8220;#000000&#8243; prev_background_color=&#8220;#000000&#8243;][et_pb_row custom_padding=&#8220;0px|0px|0px|&#8220; padding_top_1=&#8220;0px&#8220; padding_right_1=&#8220;0px&#8220; padding_bottom_1=&#8220;0px&#8220; padding_left_1=&#8220;0px&#8220; padding_top_2=&#8220;0px&#8220; padding_right_2=&#8220;0px&#8220; padding_bottom_2=&#8220;0px&#8220; background_position_1=&#8220;top_left&#8220; background_position_2=&#8220;top_left&#8220; background_repeat_1=&#8220;no-repeat&#8220; background_repeat_2=&#8220;no-repeat&#8220; _builder_version=&#8220;3.4.1&#8243;][et_pb_column type=&#8220;2_3&#8243;][et_pb_text admin_label=&#8220;Text \u00dcberschrift Was gibt es Neues in Luxemburg?&#8220; _builder_version=&#8220;3.4.1&#8243;]<\/p>\n<h3>Was gibt es Neues in Luxemburg?<\/h3>\n<p>[\/et_pb_text][et_pb_text admin_label=&#8220;Text Archiv_2012&#8243; _builder_version=&#8220;3.11&#8243;]<\/p>\n<div id=\"middle\">\n<div id=\"middle-content\">\n<div id=\"middle-marker-box\">\n<div id=\"middle-marker\">\n<div id=\"c1204\" class=\"csc-default\">\n<div class=\"csc-textpic csc-textpic-intext-right\">\n<div class=\"csc-textpic-text\">\n<div id=\"middle\">\n<div id=\"middle-content\">\n<div id=\"middle-marker-box\">\n<div id=\"middle-marker\">\n<div id=\"c1196\" class=\"csc-default\">\n<div class=\"csc-textpic csc-textpic-intext-right\">\n<div class=\"csc-textpic-text\">\n<p class=\"bodytext\"><b>26.11.2012 Lohnaufteilung f\u00fcr Auslandstage meist fehlerhaft<\/b><\/p>\n<p class=\"bodytext\">Arbeitgeber sind verpflichtet, den Lohn aufzuteilen, wenn der Arbeitnehmer\u00a0<b>mehr als 19 Tage\u00a0<\/b>ausserhalb Luxemburgs gearbeitet hat. In der Praxis gelingt dies den wenigsten Arbeitgebern bzw. deren Fiduciaires<b>.\u00a0<a class=\"internal-link\" title=\"Opens internal link in current window\" href=\"https:\/\/wonnebauer.de\/site\/grenzgaenger\/steuernindeutschland\/\">Mehr &#8230;<\/a><\/b><\/p>\n<p><strong>4.11.2012\u00a0 Steuererkl\u00e4rungen f\u00fcr 2011 jetzt einreichen<\/strong><\/p>\n<p>Grenzpendler, die mit Steuererstattungen rechnen, m\u00fcssen jetzt in die G\u00e4nge kommen und ihre Steuererkl\u00e4rung abgeben<b>.\u00a0<\/b>Sie muss sp\u00e4testens bis zum\u00a0<b>31.12.2012<\/b>\u00a0beim Steuerb\u00fcro Z eingehen<b>.<a class=\"internal-link\" title=\"Opens internal link in current window\" href=\"https:\/\/wonnebauer.de\/site\/grenzgaenger\/steuerninluxemburg\/\">\u00a0Mehr &#8230;\u00a0<\/a><\/b><\/p>\n<p><strong>30.8.2012 Infoveranstaltung zur Besteuerung der Renten und Fahrerfragen<\/strong><\/p>\n<p>Am\u00a0<b>22. September 2012 um 15 Uhr<\/b>\u00a0findet in Konz-K\u00f6nen in der\u00a0<b>Gastst\u00e4tte Fantasiaz, Konzerbr\u00fcck 28<\/b>, wieder eine Infoveranstaltung \u00fcber\u00a0<b>Steuerfragen f\u00fcr Grenzg\u00e4nger<\/b>\u00a0statt. Haupts\u00e4chlich geht es um die\u00a0<b>Besteuerung der Renten der Grenzg\u00e4nger.<\/b>\u00a0Zudem werden noch Spezialfragen f\u00fcr Berufskraftfahrer behandelt.\u00a0Veranstalter ist die Fahrergewerkschaft ACAL. Referent ist Stephan Wonnebauer. Zuvor wird noch \u00fcber den Lkw-F\u00fchrerschein referiert.<\/p>\n<p class=\"bodytext\"><b>26.7.2012 Busfahrer im Visier des Finanzamtes<br \/>\n<\/b><br \/>\n<b>Busfahrer im Grenzverkehr<\/b>\u00a0werden derzeit vom Finanzamt ge\u00e4rgert. Sie sollen die H\u00e4lfte ihres Tagesgehaltes in Deutschland versteuern, obwohl sie nur knapp 1 Stunde in Deutschland arbeiten. Ist das gerecht?\u00a0<b><a class=\"internal-link\" title=\"Opens internal link in current window\" href=\"https:\/\/wonnebauer.de\/site\/grenzgaenger\/steuernindeutschland\/\">Mehr &#8230;<\/a><\/b><\/p>\n<p><b>26.7.2012\u00a0 Jagd nach der Steuerklasse 3<\/b><\/p>\n<p>Neue Untersuchungswelle des Finanzamtes Trier: Grenzg\u00e4nger-Ehepaare, die in Deutschland die Steuerklasse 3 gew\u00e4hlt haben, werden derzeit gro\u00dffl\u00e4chig angeschrieben.\u00a0<b><a class=\"internal-link\" title=\"Opens internal link in current window\" href=\"https:\/\/wonnebauer.de\/site\/grenzgaenger\/steuernindeutschland\/\">Mehr &#8230;<\/a><\/b><\/p>\n<p><b>1.6.2012 Neues Urteil des Bundesfinanzhofes f\u00fcr Berufskraftfahrer<\/b><\/p>\n<p>Der Bundesfinanzhof hat am 28.3.2012 die\u00a0<b>\u00dcbernachtungspauschalen\u00a0<\/b>f\u00fcr Lkw-Fahrer best\u00e4tigt. Dar\u00fcber hinaus hat er die\u00a0<b>Fahrten zum Lkw als Reisekosten<\/b>\u00a0definiert.\u00a0<b><a class=\"internal-link\" title=\"Opens internal link in current window\" href=\"https:\/\/wonnebauer.de\/site\/grenzgaenger\/steuernindeutschland\/\">Mehr &#8230;<\/a><\/b><\/p>\n<p><b>25.5.2012 Neue Reisekostentabelle ab 2012<\/b><\/p>\n<p>Grenzg\u00e4nger, die beruflich unterwegs sind, insbesondere Berufskraftfahrer, m\u00fcssen die neue Reisekostentabelle beachten. H\u00f6here Pauschalen gibt es beispielsweise f\u00fcr die\u00a0<b>Niederlanden,<\/b>\u00a0<b>D\u00e4nemark, Norwegen\u00a0<\/b>und\u00a0<b>Schweden<\/b>.\u00a0<b><a class=\"internal-link\" title=\"Opens internal link in current window\" href=\"https:\/\/wonnebauer.de\/site\/steuerberatung\/downloads\/\">Mehr &#8230;<br \/>\n<\/a><\/b><br \/>\n<b><br \/>\n<\/b><b>23.4.2012 Neues DBA-Luxemburg<\/b><\/p>\n<p>Seit dem heutigen Tage gibt es ein neues Doppelbesteuerungsabkommen mit Luxemburg.\u00a0<b><a class=\"internal-link\" title=\"Opens internal link in current window\" href=\"https:\/\/wonnebauer.de\/site\/grenzgaenger\/steuernindeutschland\/\">Mehr &#8230;<\/a><\/b><\/p>\n<p><strong>28.2.2012 Besteuerung der Rentner<\/strong><\/p>\n<p>Der OGB-L informiert Grenzg\u00e4nger \u00fcber die\u00a0<b>Besteuerung der Renten.<\/b>\u00a0Hierzu finden verschiedene Veranstaltungen statt.\u00a0<b><a class=\"internal-link\" title=\"Opens internal link in current window\" href=\"https:\/\/wonnebauer.de\/site\/grenzgaenger\/steuernindeutschland\/\">Mehr&#8230;<br \/>\n<\/a><\/b><\/p>\n<p><b>28.2.2012 Neue Vortragsreihe mit Le Foyer<\/b><\/p>\n<p>Die luxemburgische Versicherung<b>\u00a0Le Foyer<\/b>\u00a0informiert im M\u00e4rz und April an drei Abenden wieder \u00fcber die steuerlichen\u00a0<b>Abzugsm\u00f6glichkeiten von Versicherungen<\/b>\u00a0in der luxemburgischen Steuererkl\u00e4rung.\u00a0<b><a class=\"internal-link\" title=\"Opens internal link in current window\" href=\"https:\/\/wonnebauer.de\/site\/grenzgaenger\/steuerninluxemburg\/\">Mehr &#8230;<br \/>\n<\/a><\/b><\/p>\n<p><b>26.2.2012 Neue Brosch\u00fcre des OGB-L zu Steuern<\/b><\/p>\n<p>Der<b>\u00a0OGB-L\u00a0<\/b>hat das aktuell geltende Steuerrecht f\u00fcr deutsche Grenzg\u00e4nger in einer neuen Brosch\u00fcre zusammengefasst. Autor ist\u00a0Stephan\u00a0Wonnebauer.\u00a0<b><a class=\"internal-link\" title=\"Opens internal link in current window\" href=\"https:\/\/wonnebauer.de\/site\/grenzgaenger\/steuerninluxemburg\/\">Mehr &#8230;<\/a><\/b><\/p>\n<p><b>25.1.2012 Steuer-Info-Veranstaltungen im Februar<\/b><\/p>\n<p>Im\u00a0<b>Februar<\/b>\u00a0wirkt RA Wonnebauer wieder ehrenamtlich bei\u00a0<b>Informationsveranstaltungen<\/b>\u00a0mit.<\/p>\n<p>Am\u00a0<b>Freitag, den 10.2.2012<\/b>\u00a0findet auf der\u00a0<b>Grenzg\u00e4nger-Community-Seite<\/b>\u00a0um\u00a0<b>11 Uhr<\/b>\u00a0ein einst\u00fcndiger Chat statt zum Steuerrecht f\u00fcr Grenzg\u00e4nger statt. Mitglieder der Seite k\u00f6nnen wieder\u00a0 im Chatroom fragen stellen, die von RA Wonnebauer spontan beantwortet werden. Insbesondere die\u00a0<b>drei neuen Verst\u00e4ndigungsvereinbarungen<\/b>\u00a0werden thematisiert.<\/p>\n<p>Am\u00a0<b>Samstag, den 4.2.2012<\/b>\u00a0veranstaltet das\u00a0<b>Berufskraftfahrer<\/b>-Syndicat der\u00a0<b>OGB-L, die ACAL,\u00a0<\/b>im\u00a0<b>Parkhotel in Konz<\/b>\u00a0um\u00a0<b>15 Uhr<\/b>\u00a0eine Steuerinformationsveranstaltung\u00a0<b>speziell f\u00fcr Berufskraftfahrer<\/b>. Zu den Themen z\u00e4hlen die neue Verst\u00e4ndigungsvereinbarung sowie neue Urteile des Bundesfinanzhofes zur Besteuerung von Lkw-Fahrern und Busfahrern.\u00a0<b><\/b><\/p>\n<p><strong>21.1.2012 Neues Formular N-Aus f\u00fcr Grenzg\u00e4nger<\/strong><\/p>\n<p>Ein neues\u00a0<b>3-seitiges Formular<\/b>\u00a0soll es den Finanz\u00e4mtern erleichtern, die Grenzg\u00e4ngerproblematik besser in den Griff zu bekommen. F\u00fcr Laien ist das Formular gew\u00f6hnungsbed\u00fcrftig. Mit vielen Fragen k\u00f6nnen Luxemburg-Grenzg\u00e4nger nichts anfangen, weil es\u00a0<b>alle bundesweiten Probleme<\/b>\u00a0abdecken soll.<b>\u00a0<a class=\"internal-link\" title=\"Opens internal link in current window\" href=\"https:\/\/wonnebauer.de\/site\/grenzgaenger\/steuernindeutschland\/\">Mehr &#8230;<\/a><\/b><\/p>\n<p><strong>21.1.2012\u00a0Neue\u00a0Auslegung der Verst\u00e4ndigungsvereinbarung\u00a0bei Freistellung<\/strong><\/p>\n<p>Gek\u00fcndigte Grenzg\u00e4nger werden meist von der Arbeit freigestellt. Der Lohn wurde bis zum Ende der K\u00fcndigungsfrist gezahlt.\u00a0<b>Streitig<\/b>\u00a0ist, ob f\u00fcr diesen\u00a0<b>Lohn Deutschland oder Luxemburg das Besteuerungsrecht zusteht<\/b>. Eine\u00a0<b>neue Anweisung der OFD-Koblenz zur Verst\u00e4ndigungsvereinbarung<\/b>\u00a0schafft Klarheit.\u00a0<b><a class=\"internal-link\" title=\"Opens internal link in current window\" href=\"https:\/\/wonnebauer.de\/site\/grenzgaenger\/steuernindeutschland\/\">Mehr &#8230;\u00a0<\/a><\/b><\/p>\n<\/div>\n<\/div>\n<\/div>\n<\/div>\n<\/div>\n<\/div>\n<\/div>\n<\/div>\n<\/div>\n<\/div>\n<\/div>\n<\/div>\n<\/div>\n<\/div>\n<p>[\/et_pb_text][\/et_pb_column][et_pb_column type=&#8220;1_3&#8243;][et_pb_image admin_label=&#8220;Bild Wonnebauer_mit_sekretaerin_8269_360px&#8220; _builder_version=&#8220;3.4.1&#8243; src=&#8220;https:\/\/wonnebauer.de\/site\/wp-content\/uploads\/2018\/06\/Wonnebauer_mit_sekretaerin_8269_360px.jpg&#8220; \/][\/et_pb_column][\/et_pb_row][\/et_pb_section][et_pb_section bb_built=&#8220;1&#8243; custom_padding=&#8220;0px|0px|0px|0px&#8220; _builder_version=&#8220;3.0.64&#8243; prev_background_color=&#8220;#000000&#8243;][et_pb_row custom_padding=&#8220;0px|0px|0px|0px&#8220; _builder_version=&#8220;3.0.64&#8243; background_size=&#8220;initial&#8220; background_position=&#8220;top_left&#8220; background_repeat=&#8220;repeat&#8220;][et_pb_column type=&#8220;4_4&#8243;][et_pb_text admin_label=&#8220;Text Abstandshalter mit Leerzeilen&#8220; _builder_version=&#8220;3.0.64&#8243; custom_margin=&#8220;0px|0px|0px|0px&#8220; custom_padding=&#8220;0px|0px|10px|0px&#8220; background_layout=&#8220;light&#8220; text_orientation=&#8220;left&#8220; border_style=&#8220;solid&#8220;]<\/p>\n<p><span style=\"color: #ffffff;\">:<\/span><br \/>\n<span style=\"color: #ffffff;\">:<\/span><\/p>\n<p>[\/et_pb_text][et_pb_text admin_label=&#8220;Text + Link Impressum Rechtsanwalt Stephan Wonnebauer&#8220; _builder_version=&#8220;3.0.64&#8243; background_layout=&#8220;light&#8220; text_orientation=&#8220;left&#8220; border_style=&#8220;solid&#8220; custom_padding=&#8220;||5px|&#8220;]<\/p>\n<p style=\"text-align: center;\"><span class=\"st\">\u00a9Rechtsanwalt Stephan Wonnebauer &#8211; <a href=\"https:\/\/wonnebauer.de\/site\/home\/impressum\/\">Impressum<\/a><br \/>\n<\/span><\/p>\n<p>[\/et_pb_text][\/et_pb_column][\/et_pb_row][\/et_pb_section]<\/p>\n","protected":false},"excerpt":{"rendered":"<p>: : Archiv 2012 : : Was gibt es Neues in Luxemburg? 26.11.2012 Lohnaufteilung f\u00fcr Auslandstage meist fehlerhaft Arbeitgeber sind verpflichtet, den Lohn aufzuteilen, wenn der Arbeitnehmer\u00a0mehr als 19 Tage\u00a0ausserhalb Luxemburgs gearbeitet hat. In der Praxis gelingt dies den wenigsten Arbeitgebern bzw. deren Fiduciaires.\u00a0Mehr &#8230; 4.11.2012\u00a0 Steuererkl\u00e4rungen f\u00fcr 2011 jetzt einreichen Grenzpendler, die mit Steuererstattungen [&hellip;]<\/p>\n","protected":false},"author":1,"featured_media":0,"parent":1796,"menu_order":22,"comment_status":"closed","ping_status":"closed","template":"","meta":{"_et_pb_use_builder":"on","_et_pb_old_content":"","_et_gb_content_width":"","footnotes":""},"class_list":["post-1806","page","type-page","status-publish","hentry"],"_links":{"self":[{"href":"https:\/\/wonnebauer.de\/site\/wp-json\/wp\/v2\/pages\/1806","targetHints":{"allow":["GET"]}}],"collection":[{"href":"https:\/\/wonnebauer.de\/site\/wp-json\/wp\/v2\/pages"}],"about":[{"href":"https:\/\/wonnebauer.de\/site\/wp-json\/wp\/v2\/types\/page"}],"author":[{"embeddable":true,"href":"https:\/\/wonnebauer.de\/site\/wp-json\/wp\/v2\/users\/1"}],"replies":[{"embeddable":true,"href":"https:\/\/wonnebauer.de\/site\/wp-json\/wp\/v2\/comments?post=1806"}],"version-history":[{"count":7,"href":"https:\/\/wonnebauer.de\/site\/wp-json\/wp\/v2\/pages\/1806\/revisions"}],"predecessor-version":[{"id":2598,"href":"https:\/\/wonnebauer.de\/site\/wp-json\/wp\/v2\/pages\/1806\/revisions\/2598"}],"up":[{"embeddable":true,"href":"https:\/\/wonnebauer.de\/site\/wp-json\/wp\/v2\/pages\/1796"}],"wp:attachment":[{"href":"https:\/\/wonnebauer.de\/site\/wp-json\/wp\/v2\/media?parent=1806"}],"curies":[{"name":"wp","href":"https:\/\/api.w.org\/{rel}","templated":true}]}}