{"id":1783,"date":"2018-05-27T17:18:39","date_gmt":"2018-05-27T15:18:39","guid":{"rendered":"https:\/\/wonnebauer.de\/site\/?page_id=1783"},"modified":"2018-07-30T14:30:08","modified_gmt":"2018-07-30T12:30:08","slug":"gerichtsverfahren","status":"publish","type":"page","link":"https:\/\/wonnebauer.de\/site\/arbeitsrecht\/gerichtsverfahren\/","title":{"rendered":"Gerichtsverfahren"},"content":{"rendered":"<p>[et_pb_section bb_built=&#8220;1&#8243; admin_label=&#8220;Wilkommen Block 1&#8243; custom_padding=&#8220;0px|0px|0px|&#8220; _builder_version=&#8220;3.0.64&#8243; next_background_color=&#8220;#000000&#8243;][et_pb_row custom_padding=&#8220;0px|0px|0px|&#8220; padding_top_1=&#8220;0px&#8220; padding_right_1=&#8220;0px&#8220; padding_bottom_1=&#8220;0px&#8220; padding_left_1=&#8220;0px&#8220; padding_top_2=&#8220;0px&#8220; padding_right_2=&#8220;0px&#8220; padding_bottom_2=&#8220;0px&#8220; background_position_1=&#8220;top_left&#8220; background_position_2=&#8220;top_left&#8220; background_repeat_1=&#8220;no-repeat&#8220; background_repeat_2=&#8220;no-repeat&#8220; _builder_version=&#8220;3.0.64&#8243;][et_pb_column type=&#8220;1_3&#8243;][et_pb_text admin_label=&#8220;Text Abstandshalter&#8220; _builder_version=&#8220;3.2&#8243; custom_margin=&#8220;0px|0px|0px|0px&#8220; custom_padding=&#8220;0px|0px|0px|0px&#8220;]<\/p>\n<p><span style=\"color: #ffffff;\">:<\/span><br \/>\n<span style=\"color: #ffffff;\">:<\/span><\/p>\n<p>[\/et_pb_text][et_pb_text admin_label=&#8220;Text \u00dcberschrift Gerichtsverfahren&#8220; _builder_version=&#8220;3.11&#8243;]<\/p>\n<h3><span style=\"color: #91001f;\">Gerichtsverfahren<\/span><\/h3>\n<p>[\/et_pb_text][\/et_pb_column][et_pb_column type=&#8220;2_3&#8243;][et_pb_text admin_label=&#8220;Text Abstandshalter&#8220; _builder_version=&#8220;3.2&#8243; custom_margin=&#8220;0px|0px|0px|0px&#8220; custom_padding=&#8220;0px|0px|0px|0px&#8220;]<\/p>\n<p><span style=\"color: #ffffff;\">:<\/span><br \/>\n<span style=\"color: #ffffff;\">:<\/span><\/p>\n<p>[\/et_pb_text][\/et_pb_column][\/et_pb_row][\/et_pb_section][et_pb_section bb_built=&#8220;1&#8243; admin_label=&#8220;Wilkommen Block 1&#8243; custom_padding=&#8220;0px|0px|0px|&#8220; _builder_version=&#8220;3.0.64&#8243; next_background_color=&#8220;#000000&#8243; prev_background_color=&#8220;#000000&#8243;][et_pb_row custom_padding=&#8220;0px|0px|0px|&#8220; padding_top_1=&#8220;0px&#8220; padding_right_1=&#8220;0px&#8220; padding_bottom_1=&#8220;0px&#8220; padding_left_1=&#8220;0px&#8220; padding_top_2=&#8220;0px&#8220; padding_right_2=&#8220;0px&#8220; padding_bottom_2=&#8220;0px&#8220; background_position_1=&#8220;top_left&#8220; background_position_2=&#8220;top_left&#8220; background_repeat_1=&#8220;no-repeat&#8220; background_repeat_2=&#8220;no-repeat&#8220; _builder_version=&#8220;3.0.64&#8243;][et_pb_column type=&#8220;2_3&#8243;][et_pb_text admin_label=&#8220;Text \u00dcberschrift Das Rechtsstaatsprinzip&#8220; _builder_version=&#8220;3.4.1&#8243;]<\/p>\n<h3 class=\"csc-firstHeader\">Das Rechtsstaatsprinzip<\/h3>\n<p>[\/et_pb_text][et_pb_text admin_label=&#8220;Text Das Rechtsstaatsprinzip&#8220; _builder_version=&#8220;3.11&#8243;]<\/p>\n<p>Sowohl in Deutschland und Luxemburg gilt das\u00a0<b>Rechtsstaatsprinzip<\/b>.<br \/>\nDer B\u00fcrger kann den Rechtsweg beschreiten unter freier Anwaltswahl.<\/p>\n<p>Oft stellt sich die Frage, ob sich ein\u00a0<b>Rechtsstreit lohnt<\/b>.<br \/>\nAuch wenn eine\u00a0<b>Rechtsschutzversicherung<\/b>\u00a0eintritt, sollte man Prozesse vermeiden,<br \/>\ndie am Ende offensichtlich verloren gehen. Gerade wenn keine Versicherung besteht,<br \/>\nw\u00fcrden viele Rechtssuchenden den Proze\u00df nicht f\u00fchren.<\/p>\n<p>Zun\u00e4chst sollte eine\u00a0<b>au\u00dfergerichtliche L\u00f6sung<\/b>\u00a0versucht werden.<br \/>\nDies kann der Versuch sein, sich mit der Gegenseite mit oder ohne Anwalt zu einigen.<br \/>\nDies hat den Vorteil, dass man in\u00a0<b>\u00fcberschaubarer Zeit<\/b>\u00a0die Dinge in der Hand beh\u00e4lt.<\/p>\n<p>Dar\u00fcber hinaus gibt es\u00a0<b>Schlichtungsstellen<\/b>\u00a0und\u00a0<b>Mediationsverfahren<\/b>.<br \/>\nHierauf m\u00fcssen sich nat\u00fcrlich beide Streitparteien einlassen wollen.<br \/>\nLeider ist dies oft nicht der Fall.<\/p>\n<p><b>Vergleiche<\/b>\u00a0scheitern oft, weil Anw\u00e4lte ihre Mandanten nicht \u00fcberzeugen k\u00f6nnen,<br \/>\nvon der urspr\u00fcnglichen Forderung abzur\u00fccken.<\/p>\n<p>Letztlich muss man damit rechnen, dass der Richter den Streit falsch entscheidet.<br \/>\nGeht der Streit dann in die Berufung, verl\u00e4ngert sich der Prozess um eine weitere Periode.<br \/>\nLange Prozesse kann sich aber in Luxemburg finanziell ein Arbeitnehmer kaum leisten.<br \/>\nInsofern lohnt sich in jedem Fall der Abschluss einer Rechtsschutzversicherung.<\/p>\n<p>Es gibt also viele \u00dcberlegungen, die angestellt werden m\u00fcssen, ob man \u00fcberhaupt einen<br \/>\nGerichtsprozess f\u00fchren soll. Wir helfen Ihnen dabei.<\/p>\n<p>[\/et_pb_text][\/et_pb_column][et_pb_column type=&#8220;1_3&#8243;][\/et_pb_column][\/et_pb_row][et_pb_row custom_padding=&#8220;0px|0px|0px|&#8220; padding_top_1=&#8220;0px&#8220; padding_right_1=&#8220;0px&#8220; padding_bottom_1=&#8220;0px&#8220; padding_left_1=&#8220;0px&#8220; padding_top_2=&#8220;0px&#8220; padding_right_2=&#8220;0px&#8220; padding_bottom_2=&#8220;0px&#8220; background_position_1=&#8220;top_left&#8220; background_position_2=&#8220;top_left&#8220; background_repeat_1=&#8220;no-repeat&#8220; background_repeat_2=&#8220;no-repeat&#8220; _builder_version=&#8220;3.0.64&#8243;][et_pb_column type=&#8220;2_3&#8243;][et_pb_text admin_label=&#8220;Text Abstandshalter&#8220; _builder_version=&#8220;3.2&#8243; custom_margin=&#8220;0px|0px|0px|0px&#8220; custom_padding=&#8220;0px|0px|0px|0px&#8220;]<\/p>\n<p><span style=\"color: #ffffff;\">:<\/span><br \/>\n<span style=\"color: #ffffff;\">:<\/span><\/p>\n<p>[\/et_pb_text][et_pb_text admin_label=&#8220;Text \u00dcberschrift Der Weg zum Gericht&#8220; _builder_version=&#8220;3.4.1&#8243;]<\/p>\n<h3>Der Weg zum Gericht<\/h3>\n<p>[\/et_pb_text][et_pb_text admin_label=&#8220;Text Der Weg zum Gericht&#8220; _builder_version=&#8220;3.11&#8243;]<\/p>\n<p>Nur Rechtsanw\u00e4lte wissen, wie die Rechtslage wirklich ist:<br \/>\nN\u00e4mlich wie sie von dem zust\u00e4ndigen\u00a0<b>\u00f6rtlichen Richter<\/b>\u00a0entschieden wird.<\/p>\n<p>Damit unterscheiden sich Rechtsanw\u00e4lte von allen anderen &#8222;Rechts-Ratgebern&#8220;,<br \/>\ndenn nur sie kennen auch die fachlichen und menschlichen Eigenarten der Richter.<\/p>\n<p>Unsere Gesetze sind eben auslegungsf\u00e4hig.\u00a0<b>Selbst an dem selben Arbeitsgericht<br \/>\nk\u00f6nnen verschiedene Richter gleiche F\u00e4lle unterschiedlich entscheiden<\/b>.<br \/>\nSo funkioniert eben unser Rechtssystem; das bedeutet richterliche Unabh\u00e4ngigkeit.<\/p>\n<p>Wir helfen unseren Mandanten, dieses System zu verstehen.<\/p>\n<p>[\/et_pb_text][\/et_pb_column][et_pb_column type=&#8220;1_3&#8243;][et_pb_text admin_label=&#8220;Text Abstandshalter&#8220; _builder_version=&#8220;3.2&#8243; custom_margin=&#8220;0px|0px|0px|0px&#8220; custom_padding=&#8220;0px|0px|0px|0px&#8220;]<\/p>\n<p><span style=\"color: #ffffff;\">:<\/span><br \/>\n<span style=\"color: #ffffff;\">:<\/span><\/p>\n<p>[\/et_pb_text][et_pb_image admin_label=&#8220;Bild Wonnebauer_tastatur_hand_IMG_0493&#8243; _builder_version=&#8220;3.4.1&#8243; src=&#8220;https:\/\/wonnebauer.de\/site\/wp-content\/uploads\/2018\/06\/Wonnebauer_tastatur_hand_IMG_0493.jpg&#8220; custom_margin=&#8220;||0px|&#8220; \/][\/et_pb_column][\/et_pb_row][et_pb_row custom_padding=&#8220;0px|0px|0px|&#8220; padding_top_1=&#8220;0px&#8220; padding_right_1=&#8220;0px&#8220; padding_bottom_1=&#8220;0px&#8220; padding_left_1=&#8220;0px&#8220; padding_top_2=&#8220;0px&#8220; padding_right_2=&#8220;0px&#8220; padding_bottom_2=&#8220;0px&#8220; background_position_1=&#8220;top_left&#8220; background_position_2=&#8220;top_left&#8220; background_repeat_1=&#8220;no-repeat&#8220; background_repeat_2=&#8220;no-repeat&#8220; _builder_version=&#8220;3.0.64&#8243;][et_pb_column type=&#8220;2_3&#8243;][et_pb_text admin_label=&#8220;Text Abstandshalter&#8220; _builder_version=&#8220;3.2&#8243; custom_margin=&#8220;0px|0px|0px|0px&#8220; custom_padding=&#8220;0px|0px|0px|0px&#8220;]<\/p>\n<p><span style=\"color: #ffffff;\">:<\/span><br \/>\n<span style=\"color: #ffffff;\">:<\/span><\/p>\n<p>[\/et_pb_text][et_pb_text admin_label=&#8220;Text \u00dcberschrift Gerichtsverfahren in Luxemburg&#8220; _builder_version=&#8220;3.4.1&#8243;]<\/p>\n<h3>Gerichtsverfahren in Luxemburg<\/h3>\n<p>[\/et_pb_text][et_pb_text admin_label=&#8220;Text Gerichtsverfahren in Luxemburg&#8220; _builder_version=&#8220;3.11&#8243;]<\/p>\n<p>Grenzg\u00e4nger haben es im\u00a0<b>Arbeitsrecht in Luxemburg<\/b>\u00a0schwieriger als in Deutschland.<\/p>\n<p>Nach einer K\u00fcndigung in Deutschland hat man meist nach\u00a06 Wochen einen Vergleich<br \/>\nmit dem Arbeitgeber geschlossen. Denn innerhalb von 3 Wochen nach der\u00a0<b>K\u00fcndigung<\/b>\u00a0muss eine\u00a0<b>K\u00fcndigungsschutzklage<\/b>\u00a0erhoben werden. Die meisten\u00a0<b>Arbeitsgerichte<\/b>\u00a0terminieren<br \/>\ndann innerhalb von 2-3 Wochen die\u00a0<b>G\u00fcteverhandlung<\/b>. Sodann kommt es meist zu einem Ergebnis.<\/p>\n<p>In\u00a0<b>Luxemburg\u00a0<\/b>l\u00e4uft das gesamte Verfahren v\u00f6llig anders.<br \/>\nEin K\u00fcndigungsschutzverfahren gibt es nicht. Das ist im Prinzip auch ein ehrlicher Ansatz,<br \/>\ndenn im Prinzip geht es in Deutschland auch nicht mehr darum, seinen Arbeitsplatz zu behalten,<br \/>\nsondern eine m\u00f6glichst hohe\u00a0<b>Abfindung\u00a0<\/b>zu erhalten.<\/p>\n<p>In Luxemburg geht es denn auch direkt um\u00a0<b>Schadenersatz<\/b>\u00a0und\u00a0<b>Abfindungen<\/b>.<br \/>\nDie\u00a0<b>Gerichtsverfahren<\/b>\u00a0laufen jedoch zeitlich wie normale Zivilprozesse ab und<br \/>\ndauern daher in der ersten Instanz glattweg \u00fcber 6 Monate bis zu einem Jahr.<\/p>\n<p>Es gilt daher, in Luxemburg bereits im\u00a0<b>K\u00fcndigungsverfahren<\/b>\u00a0von Anfang an richtig zu handeln.<br \/>\nBestenfalls kann mit guten Argumenten noch ein\u00a0<b>au\u00dfergerichtlicher Vergleich<\/b>\u00a0erzielt werden.<\/p>\n<p>[\/et_pb_text][\/et_pb_column][et_pb_column type=&#8220;1_3&#8243;][et_pb_text admin_label=&#8220;Text Abstandshalter&#8220; _builder_version=&#8220;3.2&#8243; custom_margin=&#8220;0px|0px|0px|0px&#8220; custom_padding=&#8220;0px|0px|0px|0px&#8220;]<\/p>\n<p><span style=\"color: #ffffff;\">:<\/span><br \/>\n<span style=\"color: #ffffff;\">:<\/span><\/p>\n<p>[\/et_pb_text][et_pb_image admin_label=&#8220;Bild Wonnebauer_schild_wegweiser_DSC01392&#8243; _builder_version=&#8220;3.4.1&#8243; src=&#8220;https:\/\/wonnebauer.de\/site\/wp-content\/uploads\/2018\/06\/Wonnebauer_schild_wegweiser_DSC01392.jpg&#8220; custom_margin=&#8220;||0px|&#8220; \/][\/et_pb_column][\/et_pb_row][et_pb_row custom_padding=&#8220;0px|0px|0px|&#8220; padding_top_1=&#8220;0px&#8220; padding_right_1=&#8220;0px&#8220; padding_bottom_1=&#8220;0px&#8220; padding_left_1=&#8220;0px&#8220; padding_top_2=&#8220;0px&#8220; padding_right_2=&#8220;0px&#8220; padding_bottom_2=&#8220;0px&#8220; background_position_1=&#8220;top_left&#8220; background_position_2=&#8220;top_left&#8220; background_repeat_1=&#8220;no-repeat&#8220; background_repeat_2=&#8220;no-repeat&#8220; _builder_version=&#8220;3.0.64&#8243;][et_pb_column type=&#8220;2_3&#8243;][et_pb_text admin_label=&#8220;Text Abstandshalter&#8220; _builder_version=&#8220;3.2&#8243; custom_margin=&#8220;0px|0px|0px|0px&#8220; custom_padding=&#8220;0px|0px|0px|0px&#8220;]<\/p>\n<p><span style=\"color: #ffffff;\">:<\/span><br \/>\n<span style=\"color: #ffffff;\">:<\/span><\/p>\n<p>[\/et_pb_text][et_pb_text admin_label=&#8220;Text \u00dcberschrift Au\u00dfergerichtliche Vergleiche anstreben&#8220; _builder_version=&#8220;3.4.1&#8243;]<\/p>\n<div class=\"csc-header csc-header-n4\">\n<h3>Au\u00dfergerichtliche Vergleiche anstreben<\/h3>\n<\/div>\n<p>[\/et_pb_text][et_pb_text admin_label=&#8220;Text Au\u00dfergerichtliche Vergleiche anstreben&#8220; _builder_version=&#8220;3.11&#8243;]<\/p>\n<p>Gibt es einen\u00a0<b>anderen Weg<\/b>, als ein Gerichtsverfahren, um den Streit zu schlichten?<\/p>\n<p>In vielen Lebensbereichen gibt es Schlichtungsstellen und\u00a0<b>Ombudsleute<\/b>.<br \/>\nBeide Parteien m\u00fcssen eine Schlichtung wollen. Ein unabh\u00e4ngiger Schlichter<br \/>\nentscheidet dann \u00fcber den Streit. Dies scheitert leider oft.<\/p>\n<p>Im\u00a0<b>individuellen Arbeitsrecht<\/b>\u00a0ist die Anrufung einer Schlichtungsstelle un\u00fcblich. Im Grunde<br \/>\ngenommen ist es die<b>\u00a0ureigene Aufgabe<\/b>\u00a0der Rechtsanw\u00e4lte, eine au\u00dfergerichtliche L\u00f6sung zu finden.<\/p>\n<p>Die Gr\u00fcnde des Scheiterns sind vielf\u00e4ltig.<\/p>\n<p>Oft haben sich die Parteien\u00a0<b>menschlich<\/b>\u00a0so\u00a0<b>\u00fcberworfen<\/b>, dass eine sachliche Austragung<br \/>\neines Streites nicht mehr m\u00f6glich ist.<\/p>\n<p>Ein weiterer Grund ist die<b>\u00a0H\u00f6he der finanziellen Forderung<\/b>, die f\u00fcr die zahlungspflichtige<br \/>\nPartei nicht leistbar ist. Wenn die beklagte Partei 100.000 Euro zahlen soll, ist auch eine<br \/>\nVergleichssumme von 50.000 Euro oft schon weit vom Leistbaren entfernt, wenn die<br \/>\nbeklagte Partei vom Siegen und damit von keiner Forderung, also 0 Euro, ausgeht.<\/p>\n<p>Beide Parteien m\u00fcssen daher\u00a0<b>Nachgeben<\/b>\u00a0und von ihren Ursprungsansichten abr\u00fccken.<\/p>\n<p>Es gibt zum Gl\u00fcck gen\u00fcgend Anw\u00e4lte, die ihre Mandanten hierauf hinweisen und klug beraten. Manche\u00a0<b>Vergleichsverhandlungen<\/b>\u00a0erstrecken sich dann auch \u00fcber mehrere Wochen.<br \/>\nDer erste Pulverrauch ist dann verflogen. Die Gem\u00fcter haben sich beruhigt. Somit kann<br \/>\nein Vergleich nach einiger Zeit m\u00f6glich sein.<\/p>\n<p>Leider gibt es auch viele Anw\u00e4lte und sonstige Berater, die<b>\u00a0\u00d6l ins Feuer<\/b>\u00a0gie\u00dfen und scheinbar<br \/>\nirgendwie den Streit so lange wie m\u00f6glich dauern lassen wollen. Der Mandant wird dahingehend<br \/>\nberaten, dass er sich\u00a0<b>absolut im Recht\u00a0<\/b>befindet und keinen Deut nachgeben muss. Die Mandanten<br \/>\nwerden geradezu<b>\u00a0in den Streit getrieben<\/b>. Es kommt also wie immer auf den Einzelfall an, was m\u00f6glich ist.<\/p>\n<p>In diesen F\u00e4llen nehmen wir den\u00a0<b>Fehdehandschuh<\/b>\u00a0gerne auf und machen dem Gegner das Leben schwer<br \/>\nund vor allem teuer. Vorausgesetzt der Mandant verf\u00fcgt \u00fcber eine Rechtsschutzversicherung. Selbst wenn<br \/>\nder Gegner den Rechtsstreit gewinnt, hat er<b>\u00a0hohe Anwaltskosten\u00a0<\/b>gezahlt, die ihn so \u00e4rgern werden, dass<br \/>\ner am Ende seinen Anwalt wegen dessen Rat verfluchen wird.<\/p>\n<p>[\/et_pb_text][\/et_pb_column][et_pb_column type=&#8220;1_3&#8243;][et_pb_text admin_label=&#8220;Text Abstandshalter&#8220; _builder_version=&#8220;3.2&#8243; custom_margin=&#8220;0px|0px|0px|0px&#8220; custom_padding=&#8220;0px|0px|0px|0px&#8220;]<\/p>\n<p><span style=\"color: #ffffff;\">:<\/span><br \/>\n<span style=\"color: #ffffff;\">:<\/span><\/p>\n<p>[\/et_pb_text][\/et_pb_column][\/et_pb_row][\/et_pb_section][et_pb_section bb_built=&#8220;1&#8243; custom_padding=&#8220;0px|0px|0px|0px&#8220; _builder_version=&#8220;3.0.64&#8243; prev_background_color=&#8220;#000000&#8243;][et_pb_row custom_padding=&#8220;0px|0px|0px|0px&#8220; _builder_version=&#8220;3.0.64&#8243; background_size=&#8220;initial&#8220; background_position=&#8220;top_left&#8220; background_repeat=&#8220;repeat&#8220;][et_pb_column type=&#8220;4_4&#8243;][et_pb_text admin_label=&#8220;Text Abstandshalter mit Leerzeilen&#8220; _builder_version=&#8220;3.0.64&#8243; custom_margin=&#8220;0px|0px|0px|0px&#8220; custom_padding=&#8220;0px|0px|10px|0px&#8220; background_layout=&#8220;light&#8220; text_orientation=&#8220;left&#8220; border_style=&#8220;solid&#8220;]<\/p>\n<p><span style=\"color: #ffffff;\">:<\/span><br \/>\n<span style=\"color: #ffffff;\">:<\/span><\/p>\n<p>[\/et_pb_text][et_pb_text admin_label=&#8220;Text + Link Impressum Rechtsanwalt Stephan Wonnebauer&#8220; _builder_version=&#8220;3.0.64&#8243; background_layout=&#8220;light&#8220; text_orientation=&#8220;left&#8220; border_style=&#8220;solid&#8220; custom_padding=&#8220;||5px|&#8220;]<\/p>\n<p style=\"text-align: center;\"><span class=\"st\">\u00a9Rechtsanwalt Stephan Wonnebauer &#8211; <a href=\"https:\/\/wonnebauer.de\/site\/home\/impressum\/\">Impressum<\/a><br \/>\n<\/span><\/p>\n<p>[\/et_pb_text][\/et_pb_column][\/et_pb_row][\/et_pb_section]<\/p>\n","protected":false},"excerpt":{"rendered":"<p>: : Gerichtsverfahren : : Das Rechtsstaatsprinzip Sowohl in Deutschland und Luxemburg gilt das\u00a0Rechtsstaatsprinzip. Der B\u00fcrger kann den Rechtsweg beschreiten unter freier Anwaltswahl. Oft stellt sich die Frage, ob sich ein\u00a0Rechtsstreit lohnt. Auch wenn eine\u00a0Rechtsschutzversicherung\u00a0eintritt, sollte man Prozesse vermeiden, die am Ende offensichtlich verloren gehen. Gerade wenn keine Versicherung besteht, w\u00fcrden viele Rechtssuchenden den Proze\u00df [&hellip;]<\/p>\n","protected":false},"author":1,"featured_media":0,"parent":934,"menu_order":14,"comment_status":"closed","ping_status":"closed","template":"","meta":{"_et_pb_use_builder":"on","_et_pb_old_content":"","_et_gb_content_width":"","footnotes":""},"class_list":["post-1783","page","type-page","status-publish","hentry"],"_links":{"self":[{"href":"https:\/\/wonnebauer.de\/site\/wp-json\/wp\/v2\/pages\/1783","targetHints":{"allow":["GET"]}}],"collection":[{"href":"https:\/\/wonnebauer.de\/site\/wp-json\/wp\/v2\/pages"}],"about":[{"href":"https:\/\/wonnebauer.de\/site\/wp-json\/wp\/v2\/types\/page"}],"author":[{"embeddable":true,"href":"https:\/\/wonnebauer.de\/site\/wp-json\/wp\/v2\/users\/1"}],"replies":[{"embeddable":true,"href":"https:\/\/wonnebauer.de\/site\/wp-json\/wp\/v2\/comments?post=1783"}],"version-history":[{"count":6,"href":"https:\/\/wonnebauer.de\/site\/wp-json\/wp\/v2\/pages\/1783\/revisions"}],"predecessor-version":[{"id":2734,"href":"https:\/\/wonnebauer.de\/site\/wp-json\/wp\/v2\/pages\/1783\/revisions\/2734"}],"up":[{"embeddable":true,"href":"https:\/\/wonnebauer.de\/site\/wp-json\/wp\/v2\/pages\/934"}],"wp:attachment":[{"href":"https:\/\/wonnebauer.de\/site\/wp-json\/wp\/v2\/media?parent=1783"}],"curies":[{"name":"wp","href":"https:\/\/api.w.org\/{rel}","templated":true}]}}